ided by 9221?
6433
What is the remainder when 64938822 is divided by 2497647?
0
Calculate the remainder when 300544 is divided by 804.
652
What is the remainder when 50370968 is divided by 3251?
3225
What is the remainder when 252233 is divided by 10087?
58
What is the remainder when 15029 is divided by 811?
431
What is the remainder when 5196108 is divided by 16548?
36
What is the remainder when 4825123 is divided by 616?
611
Calculate the remainder when 5542535 is divided by 503862.
53
Calculate the remainder when 28219 is divided by 141.
19
What is the remainder when 250185 is divided by 492?
249
Calculate the remainder when 994321 is divided by 58485.
76
What is the remainder when 325730 is divided by 7575?
5
Calculate the remainder when 25421 is divided by 461.
66
What is the remainder when 85542115 is divided by 11?
10
What is the remainder when 1580635 is divided by 400?
235
What is the remainder when 110151 is divided by 43?
28
What is the remainder when 140561 is divided by 66165?
8231
Calculate the remainder when 1058188 is divided by 8138.
248
Calculate the remainder when 362008156 is divided by 3302.
3292
Calculate the remainder when 1688522 is divided by 88.
66
What is the remainder when 8522360 is divided by 96845?
0
What is the remainder when 46282582 is divided by 1489?
1484
What is the remainder when 1226717381 is divided by 22?
21
What is the remainder when 309442 is divided by 1248?
1186
Calculate the remainder when 834010 is divided by 4124.
962
What is the remainder when 5547541 is divided by 3416?
3373
Calculate the remainder when 11906235 is divided by 4924.
3
What is the remainder when 376090 is divided by 2278?
220
What is the remainder when 2301438 is divided by 767137?
27
What is the remainder when 359436 is divided by 1051?
1045
What is the remainder when 2351295 is divided by 169?
167
What is the remainder when 1567301 is divided by 888?
869
What is the remainder when 188853 is divided by 30870?
3633
What is the remainder when 946964 is divided by 445?
4
What is the remainder when 14167922 is divided by 36328?
2
What is the remainder when 2188132 is divided by 7223?
6786
What is the remainder when 56558 is divided by 1289?
1131
Calculate the remainder when 80999 is divided by 40120.
759
What is the remainder when 122680 is divided by 13630?
10
What is the remainder when 406473 is divided by 81133?
808
Calculate the remainder when 203354 is divided by 3765.
44
Calculate the remainder when 2055895 is divided by 345.
40
What is the remainder when 3561380 is divided by 568?
20
What is the remainder when 966770 is divided by 857?
74
What is the remainder when 55736 is divided by 863?
504
Calculate the remainder when 891057 is divided by 1371.
1278
What is the remainder when 3119997 is divided by 22446?
3
What is the remainder when 940086 is divided by 18?
0
Calculate the remainder when 3816 is divided by 1992.
1824
What is the remainder when 3400350 is divided by 321?
318
What is the remainder when 11817471 is divided by 821?
818
What is the remainder when 369527 is divided by 27920?
6567
Calculate the remainder when 1783275 is divided by 5608.
5539
What is the remainder when 35016665 is divided by 26?
21
Calculate the remainder when 28453713 is divided by 684.
681
Calculate the remainder when 70277873 is divided by 3551.
32
Calculate the remainder when 62390161 is divided by 271.
270
Calculate the remainder when 10881248 is divided by 11789.
1
What is the remainder when 10743401 is divided by 5371679?
43
What is the remainder when 3706286 is divided by 477?
473
Calculate the remainder when 1277922 is divided by 141977.
129
Calculate the remainder when 650695 is divided by 72191.
976
What is the remainder when 57250 is divided by 5508?
2170
Calculate the remainder when 501358 is divided by 5109.
676
What is the remainder when 711622 is divided by 177839?
266
Calculate the remainder when 3378714 is divided by 1533.
1515
Calculate the remainder when 3504660 is divided by 566.
554
Calculate the remainder when 4826319 is divided by 488.
487
What is the remainder when 126038 is divided by 20895?
668
What is the remainder when 356575 is divided by 444?
43
Calculate the remainder when 2542366 is divided by 31779.
46
Calculate the remainder when 79352 is divided by 1587.
2
Calculate the remainder when 343377 is divided by 2564.
2365
What is the remainder when 136510 is divided by 2134?
2068
What is the remainder when 77424 is divided by 4074?
18
Calculate the remainder when 19155801 is divided by 957790.
1
Calculate the remainder when 282556 is divided by 5537.
169
Calculate the remainder when 538919 is divided by 269445.
29
Calculate the remainder when 621821 is divided by 38753.
1773
What is the remainder when 21049078 is divided by 1236?
1234
What is the remainder when 2398 is divided by 2248?
150
Calculate the remainder when 289442 is divided by 397.
29
Calculate the remainder when 72781586 is divided by 70.
66
What is the remainder when 115811452 is divided by 38603814?
10
Calculate the remainder when 3236708 is divided by 394.
392
Calculate the remainder when 36902519 is divided by 2774.
2771
Calculate the remainder when 798483 is divided by 95.
8
Calculate the remainder when 7578616 is divided by 1327.
119
What is the remainder when 11012293 is divided by 226?
217
Calculate the remainder when 304054546 is divided by 129.
127
What is the remainder when 2218336 is divided by 2370?
16
Calculate the remainder when 15486874 is divided by 71.
70
What is the remainder when 1048241 is divided by 599?
590
Calculate the remainder when 1745290 is divided by 9973.
15
What is the remainder when 803709 is divided by 168?
165
Calculate the remainder when 1148075 is divided by 5105.
4555
What is the remainder when 1298382 is divided by 99875?
7
What is the remainder when 59243951 is divided by 206?
205
What is the remainder when 58791668 is divided by 98?
96
Calculate the remainder when 1067501 is divided by 92.
25
What is the remainder when 6048680 is divided by 26?
14
Calculate the remainder when 3072670 is divided by 1325.
1320
What is the remainder when 288592 is divided by 1187?
151
What is the remainder when 141302 is divided by 1756?
822
What is the remainder when 6060873 is divided by 1289?
1284
Calculate the remainder when 3952128 is divided by 1317277.
297
Calculate the remainder when 299540 is divided by 299302.
238
What is the remainder when 36159919 is divided by 163?
162
Calculate the remainder when 15383891 is divided by 6.
5
What is the remainder when 83740 is divided by 16667?
405
What is the remainder when 4373839 is divided by 16021?
106
Calculate the remainder when 662956 is divided by 206.
48
Calculate the remainder when 405490 is divided by 10.
0
What is the remainder when 370791 is divided by 61598?
1203
Calculate the remainder when 1059138 is divided by 1064.
458
What is the remainder when 7366344 is divided by 35?
34
What is the remainder when 1332271 is divided by 332736?
1327
What is the remainder when 1557287 is divided by 213?
44
What is the remainder when 18036626 is divided by 929?
91
What is the remainder when 86717290 is divided by 13?
10
Calculate the remainder when 126936 is divided by 8360.
1536
What is the remainder when 1324493 is divided by 75?
68
Calculate the remainder when 558935 is divided by 912.
791
Calculate the remainder when 2134775 is divided by 7.
6
What is the remainder when 1936751 is divided by 276661?
124
Calculate the remainder when 89394 is divided by 35.
4
What is the remainder when 106912943 is divided by 1616?
1615
What is the remainder when 9965689 is divided by 70?
69
What is the remainder when 121110 is divided by 993?
957
What is the remainder when 1275783 is divided by 4426?
1095
What is the remainder when 8083734 is divided by 4041851?
32
What is the remainder when 25175702 is divided by 242?
200
What is the remainder when 498831 is divided by 495?
366
Calculate the remainder when 12910762 is divided by 2347.
2262
What is the remainder when 24134652 is divided by 196?
192
What is the remainder when 12092617 is divided by 1458?
1423
What is the remainder when 3658176 is divided by 1284?
60
Calculate the remainder when 130944378 is divided by 977.
976
What is the remain